or of 272327?
True
Is 68 a factor of 2469892?
False
Does 46 divide 3863632?
True
Is 14020354 a multiple of 90?
False
Is 78 a factor of 1823757?
False
Does 12 divide 24024?
True
Is 1844336 a multiple of 13?
True
Is 35008 a multiple of 8?
True
Does 982 divide 596060?
False
Is 7556 a multiple of 281?
False
Is 97 a factor of 12687381?
False
Is 1495368 a multiple of 252?
True
Is 4945572 a multiple of 789?
False
Is 766260 a multiple of 110?
True
Is 11568844 a multiple of 2287?
False
Does 902 divide 4125877?
False
Is 382587 a multiple of 3?
True
Is 178412 a multiple of 52?
True
Does 6 divide 525022?
False
Is 136105 a multiple of 19?
False
Is 5 a factor of 11280?
True
Is 847363 a multiple of 389?
False
Is 497621 even?
False
Does 490 divide 2871026?
False
Is 17 a factor of 566014?
False
Is 79 a factor of 74250?
False
Is 1354395 a multiple of 5?
True
Is 471838 a multiple of 62?
False
Is 15 a factor of 836025?
True
Is 286 a factor of 128566?
False
Is 200200 a multiple of 26?
True
Is 137920 a multiple of 227?
False
Is 8 a factor of 1098709?
False
Is 97 a factor of 2439259?
True
Is 2790024 a multiple of 101?
True
Is 5338385 a multiple of 65?
True
Is 2340880 a multiple of 33?
False
Is 705537 a multiple of 4?
False
Is 66 a factor of 174220?
False
Is 26 a factor of 2646722?
True
Does 31 divide 2480951?
False
Does 40 divide 57320?
True
Is 2304368 a multiple of 100?
False
Is 6938414 a multiple of 807?
False
Does 42 divide 2827818?
True
Is 6 a factor of 63506?
False
Is 64 a factor of 89216?
True
Does 42 divide 36044?
False
Is 627998 a multiple of 335?
False
Is 8 a factor of 3370648?
True
Does 8 divide 10816?
True
Does 14 divide 2707894?
True
Is 583 a factor of 7736485?
False
Is 1489098 a multiple of 78?
True
Is 200 a factor of 1169935?
False
Does 12 divide 14653020?
True
Does 180 divide 769680?
True
Is 9 a factor of 423500?
False
Does 230 divide 270020?
True
Is 10 a factor of 45940?
True
Does 12 divide 1804485?
False
Does 11 divide 1787965?
False
Is 114 a factor of 141474?
True
Does 30 divide 2332904?
False
Is 1559193 a multiple of 43?
False
Is 226 a factor of 837330?
True
Is 63 a factor of 1068427?
False
Is 816327 a multiple of 9?
True
Is 4 a factor of 51178?
False
Is 138 a factor of 115782?
True
Does 801 divide 493683?
False
Is 8428994 a multiple of 174?
False
Does 18 divide 340786?
False
Does 11 divide 15482192?
True
Is 468 a factor of 182988?
True
Does 45 divide 11638620?
True
Is 291408 a multiple of 78?
True
Does 22 divide 207988?
True
Does 102 divide 31628?
False
Does 90 divide 16236?
False
Does 211 divide 3687063?
False
Does 25 divide 83425?
True
Does 30 divide 199590?
True
Is 115 a factor of 1724355?
False
Is 10396011 a multiple of 13?
False
Is 71 a factor of 1373921?
True
Does 13 divide 5077215?
True
Is 657363 a multiple of 576?
False
Is 17 a factor of 2751620?
True
Is 283808 a multiple of 55?
False
Is 771941 a multiple of 15?
False
Does 802 divide 2059916?
False
Does 7 divide 97489?
True
Is 24759 a multiple of 9?
True
Does 60 divide 1149286?
False
Does 17 divide 12689243?
False
Is 67599 a multiple of 7?
True
Is 150 a factor of 228667?
False
Is 62 a factor of 63426?
True
Is 25 a factor of 278417?
False
Is 111 a factor of 476856?
True
Is 25403 a multiple of 133?
True
Is 29 a factor of 940295?
False
Is 406 a factor of 298395?
False
Is 322 a factor of 661070?
False
Is 2808567 a multiple of 6?
False
Is 2725956 a multiple of 67?
False
Is 18110098 a multiple of 1123?
False
Does 6 divide 532230?
True
Is 1308848 a multiple of 179?
True
Is 147 a factor of 119282?
False
Does 367 divide 785013?
True
Is 2287923 a multiple of 1353?
True
Is 56 a factor of 1863512?
True
Is 20 a factor of 45240?
True
Does 57 divide 696312?
True
Is 216 a factor of 1580265?
False
Is 228 a factor of 1242673?
False
Is 102898 a multiple of 9?
False
Is 122551 a multiple of 84?
False
Is 1016028 a multiple of 468?
True
Is 8845942 a multiple of 22?
False
Does 88 divide 4030576?
True
Is 8127 a multiple of 126?
False
Is 5 a factor of 2774799?
False
Does 368 divide 11161808?
True
Is 1156010 a multiple of 19?
False
Is 14 a factor of 29948?
False
Is 186464 a multiple of 32?
True
Is 31 a factor of 620693?
False
Is 123 a factor of 1062403?
False
Does 415 divide 1069040?
True
Does 56 divide 367864?
True
Does 235 divide 1508465?
True
Is 197758 a multiple of 72?
False
Does 16 divide 1408144?
True
Is 40 a factor of 56944?
False
Does 93 divide 4463477?
False
Is 11536 a multiple of 14?
True
Is 88 a factor of 4107328?
False
Is 846 a factor of 3656412?
True
Does 20 divide 1685705?
False
Does 240 divide 426720?
True
Is 32 a factor of 63552?
True
Does 9 divide 237042?
True
Is 18 a factor of 9882?
True
Is 148 a factor of 748989?
False
Is 383 a factor of 304868?
True
Is 472 a factor of 16842893?
False
Is 19 a factor of 109763?
True
Does 42 divide 686340?
False
Is 53 a factor of 40167?
False
Is 130 a factor of 37288?
False
Is 298 a factor of 13852828?
True
Does 134 divide 50752?
False
Is 2154325 a multiple of 16?
False
Does 954 divide 1200132?
True
Is 17 a factor of 245055?
True
Is 13 a factor of 596845?
False
Does 3 divide 129030?
True
Is 16 a factor of 444606?
False
Is 138651 a multiple of 10?
False
Does 72 divide 105192?
True
Does 197 divide 1836237?
True
Is 239 a factor of 227289?
True
Does 13 divide 44330?
True
Is 243000 a multiple of 270?
True
Is 55 a factor of 144705?
True
Is 173 a factor of 125425?
True
Is 5 a factor of 8357?
False
Does 118 divide 666494?
False
Is 44 a factor of 9710053?
False
Is 6581918 a multiple of 2011?
False
Is 39248 a multiple of 44?
True
Is 979 a factor of 5487255?
False
Is 6365738 a multiple of 601?
False
Is 203100 a multiple of 6?
True
Is 14 a factor of 201515?
False
Is 889165 a multiple of 37?
False
Is 2320262 a multiple of 238?
True
Is 45579 a multiple of 32?
False
Is 20 a factor of 8625300?
True
Is 89152 even?
True
Is 235060 a multiple of 161?
True
Is 759 a factor of 325688?
False
Is 3 a factor of 9792?
True
Does 35 divide 18748?
False
Does 205 divide 1283505?
True
Is 1308515 a multiple of 41?
True
Is 193 a factor of 17005423?
True
Is 3477386 a multiple of 601?
True
Is 439676 a multiple of 19?
False
Is 15057218 a multiple of 22?
True
Is 999240 a multiple of 33?
True
Is 277617 a multiple of 26?
False
Is 650 a multiple of 26?
True
Is 4 a factor of 31509?
False
Is 14 a factor of 1205926?
False
Does 333 divide 15065586?
True
Is 1088 a factor of 8420032?
True
Is 12264 a multiple of 128?
False
Is 705504 a multiple of 19?
False
Does 219 divide 6774243?
False
Is 621 a factor of 69812?
False
Does 52 divide 398602?
False
Does 47 divide 349110?
False
Does 17 divide 1330454?
True
Does 78 divide 145273?
False
Is 8 a factor of 111304?
True
Is 139 a factor of 649183?
False
Is 281 a factor of 7672143?
True
Does 9 divide 46703?
False
Does 122 divide 12688?
True
Is 14 a factor of 4717268?
False
Is 228536 a multiple of 8?
True
Does 7 divide 76760?
False
Is 5 a factor of 23497?
False
Is 16 a factor of 129382?
False
Is 323032 a multiple of 149?
True
Does 79 divide 5615?
False
Is 11050275 a multiple of 15?
True
Is 14 a factor of 68788?
False
Is 973447 a multiple of 707?
False
Does 30 divide 302098?
False
Does 686 divide 1524978?
True
Is 6 a factor of 178798?
False
Is 56 a factor of 10077256?
True
Does 21 divide 12877095?
True
Is 266 a factor of 4146142?
True
Does 94 divide 5729300?
True
Is 235 a factor of 305700?
False
Is 767 a factor of 16150745?
False
Is 93 a factor of 751812?
True
Is 12 a factor of 772000?
False
Does 9 divide 2113218?
True
Is 31 a factor of 145887?
False
Does 10 divide 2519?
False
Is 97767 a multiple of 459?
True
Does 114 divide 13146024?
True
Does 4 divide 49560?
True
Is 761541 a multiple of 517?
True
Is 9 a factor of 104173?
False
Is 1063260 a multiple of 11?
True
Is 41 a factor of 51708?
False
Does 38 divide 224875?
False
Does 8 divide 1910003?
False
Is 8009657 a multiple of 15?
False
Is 1359449 a multiple of 348?
False
Is 3741696 a multiple of 48?
True
Does 12 divide 1326900?
True
Is 37720 a multiple of 328?
True
Is 298839 a multiple of 213?
True
Does 152 divide 134899?
False
Is 41165 a multiple of 19?
False
Does 127 divide 686054?
True
Is 15 a factor of 25433?
False
Is 54 a factor of 7781163?
False
Does 133 divide 1056635?
False
Does 46 divide 27488496?
True
Is 239 a fa